{"id":1356,"date":"2021-07-01T10:40:09","date_gmt":"2021-07-01T08:40:09","guid":{"rendered":"http:\/\/vairondesign.peweb.ro\/?post_type=product&#038;p=1356"},"modified":"2021-07-01T10:57:13","modified_gmt":"2021-07-01T08:57:13","slug":"012-banko-viragtarto-allvany-kisasztal","status":"publish","type":"product","link":"https:\/\/vairondesign.peweb.ro\/index.php\/hu\/product\/012-banko-viragtarto-allvany-kisasztal\/","title":{"rendered":"012 &#8211; Banko  konzolasztal\/kisasztal-"},"content":{"rendered":"","protected":false},"excerpt":{"rendered":"<p>Gy\u00f6ny\u00f6r\u0171, eleg\u00e1ns megjelen\u00e9s\u0171, egyszer\u0171 \u00e9s minimalista st\u00edlus\u00fa fekete asztal. Ac\u00e9l kerete \u00e9s k\u00e9t k\u00f6nny\u0171 lapja biztos t\u00e1maszt\u00e9kot ny\u00fajt, ak\u00e1r\u00a0a fels\u0151, ak\u00e1r az als\u00f3 polc\u00e1ra pakol.<br \/>\nT\u00f6bb funkci\u00f3s asztalk\u00e9nt haszn\u00e1lhat\u00f3. Ide\u00e1lis el\u0151szob\u00e1ba, nappaliba, \u00a0vir\u00e1gok vagy ak\u00e1r dekor\u00e1ci\u00f3 t\u00e1rol\u00e1s\u00e1ra is.<\/p>\n","protected":false},"featured_media":1357,"comment_status":"open","ping_status":"closed","template":"","meta":[],"product_cat":[334,213],"product_tag":[],"_links":{"self":[{"href":"https:\/\/vairondesign.peweb.ro\/index.php\/wp-json\/wp\/v2\/product\/1356"}],"collection":[{"href":"https:\/\/vairondesign.peweb.ro\/index.php\/wp-json\/wp\/v2\/product"}],"about":[{"href":"https:\/\/vairondesign.peweb.ro\/index.php\/wp-json\/wp\/v2\/types\/product"}],"replies":[{"embeddable":true,"href":"https:\/\/vairondesign.peweb.ro\/index.php\/wp-json\/wp\/v2\/comments?post=1356"}],"wp:featuredmedia":[{"embeddable":true,"href":"https:\/\/vairondesign.peweb.ro\/index.php\/wp-json\/wp\/v2\/media\/1357"}],"wp:attachment":[{"href":"https:\/\/vairondesign.peweb.ro\/index.php\/wp-json\/wp\/v2\/media?parent=1356"}],"wp:term":[{"taxonomy":"product_cat","embeddable":true,"href":"https:\/\/vairondesign.peweb.ro\/index.php\/wp-json\/wp\/v2\/product_cat?post=1356"},{"taxonomy":"product_tag","embeddable":true,"href":"https:\/\/vairondesign.peweb.ro\/index.php\/wp-json\/wp\/v2\/product_tag?post=1356"}],"curies":[{"name":"wp","href":"https:\/\/api.w.org\/{rel}","templated":true}]}}