{"id":1328,"date":"2021-07-01T10:11:16","date_gmt":"2021-07-01T08:11:16","guid":{"rendered":"http:\/\/vairondesign.peweb.ro\/?post_type=product&#038;p=1328"},"modified":"2021-07-01T10:11:17","modified_gmt":"2021-07-01T08:11:17","slug":"019-monti-wc-papir-tarto-allvany","status":"publish","type":"product","link":"https:\/\/vairondesign.peweb.ro\/index.php\/hu\/product\/019-monti-wc-papir-tarto-allvany\/","title":{"rendered":"019 &#8211; Monti Wc pap\u00edr tart\u00f3 \u00e1llv\u00e1ny"},"content":{"rendered":"","protected":false},"excerpt":{"rendered":"<div class=\"woocommerce-product-details__short-description\">\n<p>Monti Wc pap\u00edr tart\u00f3 \u00e1llv\u00e1ny praktikus \u00e9s eleg\u00e1ns, t\u00f6k\u00e9letes v\u00e1laszt\u00e1s a mell\u00e9khelyis\u00e9g\u00e9be. Magass\u00e1ga ellen\u00e9re is nagyon stabil,\u00a0a WC-pap\u00edr tart\u00f3 rozsdamentes ac\u00e9l \u00fctk\u00f6z\u0151vel van felszerelve, hogy megakad\u00e1lyozza a tekercs cs\u00fasz\u00e1s\u00e1t. Az \u00e1llv\u00e1ny\u00a04 toalett pap\u00edr tekercs t\u00e1rol\u00e1s\u00e1ra alkalmas. \u00a0Kiv\u00e1l\u00f3 min\u0151s\u00e9g\u0171 por\u00edtott ac\u00e9lb\u00f3l k\u00e9sz\u00fclt.<\/p>\n<\/div>\n","protected":false},"featured_media":971,"comment_status":"open","ping_status":"closed","template":"","meta":[],"product_cat":[332],"product_tag":[],"_links":{"self":[{"href":"https:\/\/vairondesign.peweb.ro\/index.php\/wp-json\/wp\/v2\/product\/1328"}],"collection":[{"href":"https:\/\/vairondesign.peweb.ro\/index.php\/wp-json\/wp\/v2\/product"}],"about":[{"href":"https:\/\/vairondesign.peweb.ro\/index.php\/wp-json\/wp\/v2\/types\/product"}],"replies":[{"embeddable":true,"href":"https:\/\/vairondesign.peweb.ro\/index.php\/wp-json\/wp\/v2\/comments?post=1328"}],"wp:featuredmedia":[{"embeddable":true,"href":"https:\/\/vairondesign.peweb.ro\/index.php\/wp-json\/wp\/v2\/media\/971"}],"wp:attachment":[{"href":"https:\/\/vairondesign.peweb.ro\/index.php\/wp-json\/wp\/v2\/media?parent=1328"}],"wp:term":[{"taxonomy":"product_cat","embeddable":true,"href":"https:\/\/vairondesign.peweb.ro\/index.php\/wp-json\/wp\/v2\/product_cat?post=1328"},{"taxonomy":"product_tag","embeddable":true,"href":"https:\/\/vairondesign.peweb.ro\/index.php\/wp-json\/wp\/v2\/product_tag?post=1328"}],"curies":[{"name":"wp","href":"https:\/\/api.w.org\/{rel}","templated":true}]}}