{"id":1326,"date":"2021-07-01T09:34:45","date_gmt":"2021-07-01T07:34:45","guid":{"rendered":"http:\/\/vairondesign.peweb.ro\/?post_type=product&#038;p=1326"},"modified":"2021-07-01T09:34:45","modified_gmt":"2021-07-01T07:34:45","slug":"017-luigi-fali-torolkozotarto","status":"publish","type":"product","link":"https:\/\/vairondesign.peweb.ro\/index.php\/hu\/product\/017-luigi-fali-torolkozotarto\/","title":{"rendered":"017 &#8211; Luigi fali t\u00f6r\u00f6lk\u00f6z\u0151tart\u00f3"},"content":{"rendered":"","protected":false},"excerpt":{"rendered":"<div class=\"woocommerce-product-details__short-description\">\n<p>Luigi falra szerelhet\u0151 t\u00f6r\u00f6lk\u00f6z\u0151tart\u00f3 praktikusabb\u00e1, k\u00e9nyelmesebb\u00e9, \u00e9s nem utols\u00f3 sorban modernebb megjelen\u00e9s\u0171v\u00e9 var\u00e1zsolhatja f\u00fcrd\u0151szob\u00e1j\u00e1t. Helytakar\u00e9kos megold\u00e1st k\u00edn\u00e1l.\u00a0K\u00f6lt\u00f6zz\u00f6n a st\u00edlus \u00e9s a k\u00e9nyelem egyszerre a f\u00fcrd\u0151szob\u00e1j\u00e1ba!<\/p>\n<div class=\"woocommerce-product-details__short-description\">\n<p>A csomag a felszerel\u00e9shez sz\u00fcks\u00e9ges kieg\u00e9sz\u00edt\u0151ket tartalmazza.<\/p>\n<\/div>\n<\/div>\n","protected":false},"featured_media":1304,"comment_status":"open","ping_status":"closed","template":"","meta":[],"product_cat":[332],"product_tag":[],"_links":{"self":[{"href":"https:\/\/vairondesign.peweb.ro\/index.php\/wp-json\/wp\/v2\/product\/1326"}],"collection":[{"href":"https:\/\/vairondesign.peweb.ro\/index.php\/wp-json\/wp\/v2\/product"}],"about":[{"href":"https:\/\/vairondesign.peweb.ro\/index.php\/wp-json\/wp\/v2\/types\/product"}],"replies":[{"embeddable":true,"href":"https:\/\/vairondesign.peweb.ro\/index.php\/wp-json\/wp\/v2\/comments?post=1326"}],"wp:featuredmedia":[{"embeddable":true,"href":"https:\/\/vairondesign.peweb.ro\/index.php\/wp-json\/wp\/v2\/media\/1304"}],"wp:attachment":[{"href":"https:\/\/vairondesign.peweb.ro\/index.php\/wp-json\/wp\/v2\/media?parent=1326"}],"wp:term":[{"taxonomy":"product_cat","embeddable":true,"href":"https:\/\/vairondesign.peweb.ro\/index.php\/wp-json\/wp\/v2\/product_cat?post=1326"},{"taxonomy":"product_tag","embeddable":true,"href":"https:\/\/vairondesign.peweb.ro\/index.php\/wp-json\/wp\/v2\/product_tag?post=1326"}],"curies":[{"name":"wp","href":"https:\/\/api.w.org\/{rel}","templated":true}]}}