{"id":1238,"date":"2021-06-28T15:40:15","date_gmt":"2021-06-28T13:40:15","guid":{"rendered":"http:\/\/vairondesign.peweb.ro\/?post_type=product&#038;p=1238"},"modified":"2021-06-28T15:40:15","modified_gmt":"2021-06-28T13:40:15","slug":"014-suport-pentru-prosoape-akela","status":"publish","type":"product","link":"https:\/\/vairondesign.peweb.ro\/index.php\/ro\/product\/014-suport-pentru-prosoape-akela\/","title":{"rendered":"014 &#8211; Suport pentru prosoape Akela"},"content":{"rendered":"","protected":false},"excerpt":{"rendered":"<p class=\"s3\"><span class=\"s2\">Cu designul s\u0103u elegant \u0219i modern, suportul pentru prosoape cu cadru de fier pe 3 niveluri se remarc\u0103 \u00een baia dvs. Cele 3 niveluri ofer\u0103 fiecare spa\u021biu care poate fi folosit pentru a at\u00e2rna prosoape, \u00eembr\u0103c\u0103minte sau alte accesorii. <\/span><span class=\"s2\">Suportul<\/span> <span class=\"s2\">pentru<\/span> <span class=\"s2\">prosoape<\/span> <span class=\"s2\">este<\/span><span class=\"s2\">construit<\/span><span class=\"s2\"> din <\/span><span class=\"s2\">o\u021bel<\/span> <span class=\"s2\">pentru<\/span><span class=\"s2\"> a <\/span><span class=\"s2\">putea<\/span><span class=\"s2\"> fi <\/span><span class=\"s2\">utilizat<\/span> <span class=\"s2\">si<\/span> <span class=\"s2\">\u00een<\/span> <span class=\"s2\">anii<\/span> <span class=\"s2\">urm\u0103tori<\/span><span class=\"s2\">.<\/span><\/p>\n<p class=\"s3\"><span class=\"s2\">Acest<\/span> <span class=\"s2\">suport<\/span> <span class=\"s2\">pentru<\/span> <span class=\"s2\">prosoape<\/span><span class=\"s2\"> Akela <\/span><span class=\"s2\">este<\/span> <span class=\"s2\">fabricat<\/span><span class=\"s2\"> din <\/span><span class=\"s2\">o\u021bel<\/span> <span class=\"s2\">negru<\/span><span class=\"s2\">acoperit<\/span><span class=\"s2\"> cu <\/span><span class=\"s2\">pulbere<\/span><span class=\"s2\">. <\/span><span class=\"s2\">Raftul<\/span><span class=\"s2\"> are 3 <\/span><span class=\"s2\">nivele<\/span><span class=\"s2\"> (<\/span><span class=\"s2\">\u00een\u0103l\u021bime<\/span><span class=\"s2\"> 84cm \/ 74cm \/ 64cm) cu o <\/span><span class=\"s2\">l\u0103\u021bime<\/span><span class=\"s2\"> de 21,5 cm.<\/span><\/p>\n","protected":false},"featured_media":1239,"comment_status":"open","ping_status":"closed","template":"","meta":[],"product_cat":[279],"product_tag":[],"_links":{"self":[{"href":"https:\/\/vairondesign.peweb.ro\/index.php\/wp-json\/wp\/v2\/product\/1238"}],"collection":[{"href":"https:\/\/vairondesign.peweb.ro\/index.php\/wp-json\/wp\/v2\/product"}],"about":[{"href":"https:\/\/vairondesign.peweb.ro\/index.php\/wp-json\/wp\/v2\/types\/product"}],"replies":[{"embeddable":true,"href":"https:\/\/vairondesign.peweb.ro\/index.php\/wp-json\/wp\/v2\/comments?post=1238"}],"wp:featuredmedia":[{"embeddable":true,"href":"https:\/\/vairondesign.peweb.ro\/index.php\/wp-json\/wp\/v2\/media\/1239"}],"wp:attachment":[{"href":"https:\/\/vairondesign.peweb.ro\/index.php\/wp-json\/wp\/v2\/media?parent=1238"}],"wp:term":[{"taxonomy":"product_cat","embeddable":true,"href":"https:\/\/vairondesign.peweb.ro\/index.php\/wp-json\/wp\/v2\/product_cat?post=1238"},{"taxonomy":"product_tag","embeddable":true,"href":"https:\/\/vairondesign.peweb.ro\/index.php\/wp-json\/wp\/v2\/product_tag?post=1238"}],"curies":[{"name":"wp","href":"https:\/\/api.w.org\/{rel}","templated":true}]}}